{"id":2032,"date":"2021-06-27T19:27:58","date_gmt":"2021-06-27T19:27:58","guid":{"rendered":"https:\/\/ms-alkoven.at\/?page_id=2032"},"modified":"2025-12-31T07:44:37","modified_gmt":"2025-12-31T07:44:37","slug":"ganztagesschule-nachmittagsbetreuung","status":"publish","type":"page","link":"https:\/\/ms-alkoven.at\/?page_id=2032","title":{"rendered":"Ganztagesschule &#8211; Nachmittagsbetreuung"},"content":{"rendered":"\t\t<div data-elementor-type=\"wp-page\" data-elementor-id=\"2032\" class=\"elementor elementor-2032\">\n\t\t\t\t\t\t<section class=\"elementor-section elementor-top-section elementor-element elementor-element-04d57f5 elementor-section-boxed elementor-section-height-default elementor-section-height-default\" data-id=\"04d57f5\" data-element_type=\"section\">\n\t\t\t\t\t\t<div class=\"elementor-container elementor-column-gap-default\">\n\t\t\t\t\t<div class=\"elementor-column elementor-col-50 elementor-top-column elementor-element elementor-element-a74344a\" data-id=\"a74344a\" data-element_type=\"column\">\n\t\t\t<div class=\"elementor-widget-wrap\">\n\t\t\t\t\t\t\t<\/div>\n\t\t<\/div>\n\t\t\t\t<div class=\"elementor-column elementor-col-50 elementor-top-column elementor-element elementor-element-17a8416\" data-id=\"17a8416\" data-element_type=\"column\">\n\t\t\t<div class=\"elementor-widget-wrap elementor-element-populated\">\n\t\t\t\t\t\t<div class=\"elementor-element elementor-element-c1d268e elementor-widget elementor-widget-text-editor\" data-id=\"c1d268e\" data-element_type=\"widget\" data-widget_type=\"text-editor.default\">\n\t\t\t\t<div class=\"elementor-widget-container\">\n\t\t\t\t\t\t\t\t\t<p><strong>Ganztagesschule &#8211; Nachmittagsbetreuung<\/strong><\/p>\n<p>Die Nachmittagsbetreuung ist ein Zusatzangebot an unserer Schule. Es ist wichtig, dass die Kinder gut betreut sind und in Begleitung die Hausaufgaben machen k\u00f6nnen. Au\u00dferdem bieten wir hier die M\u00f6glichkeit eines warmen Mittagessens und einer betreuten Freizeit. Anmeldungen nehmen wir jederzeit gerne individuell gerne entgegen. Die Kosten pro Nachmittag betragen 7 Euro!<\/p>\t\t\t\t\t\t\t\t<\/div>\n\t\t\t\t<\/div>\n\t\t\t\t\t<\/div>\n\t\t<\/div>\n\t\t\t\t\t<\/div>\n\t\t<\/section>\n\t\t\t\t<\/div>\n\t\t","protected":false},"excerpt":{"rendered":"<p>Ganztagesschule &#8211; Nachmittagsbetreuung Die Nachmittagsbetreuung ist ein Zusatzangebot an unserer Schule. Es ist wichtig, dass die Kinder gut betreut sind &hellip; <\/p>\n","protected":false},"author":1,"featured_media":0,"parent":0,"menu_order":0,"comment_status":"closed","ping_status":"closed","template":"elementor_header_footer","meta":{"footnotes":""},"class_list":["post-2032","page","type-page","status-publish","hentry"],"_links":{"self":[{"href":"https:\/\/ms-alkoven.at\/index.php?rest_route=\/wp\/v2\/pages\/2032","targetHints":{"allow":["GET"]}}],"collection":[{"href":"https:\/\/ms-alkoven.at\/index.php?rest_route=\/wp\/v2\/pages"}],"about":[{"href":"https:\/\/ms-alkoven.at\/index.php?rest_route=\/wp\/v2\/types\/page"}],"author":[{"embeddable":true,"href":"https:\/\/ms-alkoven.at\/index.php?rest_route=\/wp\/v2\/users\/1"}],"replies":[{"embeddable":true,"href":"https:\/\/ms-alkoven.at\/index.php?rest_route=%2Fwp%2Fv2%2Fcomments&post=2032"}],"version-history":[{"count":22,"href":"https:\/\/ms-alkoven.at\/index.php?rest_route=\/wp\/v2\/pages\/2032\/revisions"}],"predecessor-version":[{"id":9227,"href":"https:\/\/ms-alkoven.at\/index.php?rest_route=\/wp\/v2\/pages\/2032\/revisions\/9227"}],"wp:attachment":[{"href":"https:\/\/ms-alkoven.at\/index.php?rest_route=%2Fwp%2Fv2%2Fmedia&parent=2032"}],"curies":[{"name":"wp","href":"https:\/\/api.w.org\/{rel}","templated":true}]}}